y**2 - 4*y + 3. Give k(4).
-13
Let c(k) = 4*k**2 - 29*k + 16. Determine c(7).
9
Let j(x) = -7*x**2 + 4. Calculate j(-2).
-24
Let i(g) = g**2 + 12*g + 3. What is i(-10)?
-17
Let x(m) = -m**2 - 13*m - 20. Determine x(-10).
10
Let m(r) = -3*r + 2. Give m(2).
-4
Let w(n) = 4*n - 7. What is w(-5)?
-27
Let j(h) = 4*h - 14. Give j(5).
6
Let r(z) = -z**3 + 5*z**2 - 4*z + 1. Calculate r(6).
-59
Let p(n) = -n - 16. Determine p(18).
-34
Let z(f) = -2*f**2 + 46*f + 420. Calculate z(-7).
0
Let v(r) = -r + 12. What is v(18)?
-6
Let q(k) = -k - 5. Calculate q(-18).
13
Let t(u) = u**3 - 8*u**2 - 5*u + 4. What is t(8)?
-36
Let d(f) = -f**3 + 7*f**2 - 5*f. Give d(6).
6
Let d(h) = 2*h - 1. Calculate d(3).
5
Let o(n) = n**2 + 3*n - 9. Determine o(-7).
19
Let n(k) = -k**2 - 18*k - 8. What is n(-17)?
9
Let p(g) = -g**3 + 4*g**2 + g - 1. Give p(5).
-21
Let q(y) = y**3 - 10*y**2 + y - 5. What is q(10)?
5
Let t(o) = 6*o + 70. Calculate t(-9).
16
Let f(n) = -3*n**2 - 6*n + 46. Determine f(-5).
1
Let z(q) = -q + 31. Determine z(29).
2
Let k(x) = -x**3 + 6*x**2 + 41*x - 121. What is k(9)?
5
Let s(g) = 22*g. Give s(-1).
-22
Let j(h) = h**3 + 8*h**2 + h - 1. Determine j(-7).
41
Let l(j) = -12*j - 11. Determine l(-6).
61
Let f(j) = -2*j**2 + 25*j - 3. Calculate f(12).
9
Let u(p) = -p**2 + 4*p + 1. Determine u(8).
-31
Let r(p) = p**3 - 4*p**2 - 3*p + 3. Give r(5).
13
Let n(f) = 23*f + 2. What is n(2)?
48
Let q(n) = n**2 + 35*n - 254. What is q(-41)?
-8
Let i(w) = 17*w**2. Calculate i(-1).
17
Let q(y) = -3*y + 5. What is q(-3)?
14
Let r(v) = 4*v**2 - 18*v - 12. Give r(7).
58
Let n(d) = 4*d + 1. Determine n(-10).
-39
Let z(a) = 2*a + 10. Determine z(-6).
-2
Let m(r) = 16*r + 305. What is m(-19)?
1
Let h(u) = -u - 5. Give h(5).
-10
Let l(w) = -w**3 + 6*w**2 - w - 4. Calculate l(5).
16
Let z(p) = 4*p + 5. Calculate z(-21).
-79
Let o(k) = k**3 + 3*k**2 - 2*k + 44. Determine o(-5).
4
Let s(i) = 59*i + 410. What is s(-7)?
-3
Let s(f) = 5*f**2 + 24*f - 7. Determine s(-6).
29
Let m(i) = 6*i**2 + 4*i - 1. Determine m(-3).
41
Let y(p) = 342*p + 1018. Give y(-3).
-8
Let l(r) = 14*r - 17. What is l(5)?
53
Let z(u) = u. Calculate z(-6).
-6
Let k(o) = -o**2 - o + 25. Calculate k(0).
25
Let n(l) = -l**3 - 3*l**2 + 4*l - 5. What is n(-4)?
-5
Let v(n) = -n**3 + 13*n**2 + n - 19. Give v(13).
-6
Let d(s) = -s**3 - s**2 + 6*s + 1. Calculate d(-4).
25
Let k(f) = f**3 - 8*f**2 - 21*f + 14. Determine k(10).
4
Let g(i) = -i**3 - i**2 + i - 3. What is g(-3)?
12
Let y(d) = -d**3 - 17*d**2 - 4. Determine y(-17).
-4
Let i(w) = w**3 + 4*w**2 - 3*w + 5. Calculate i(-5).
-5
Let s(f) = -5*f - 133. Give s(-28).
7
Let g(r) = r**3 - 11*r**2 + 8*r - 15. Determine g(10).
-35
Let q(g) = 14*g - 9. Give q(-4).
-65
Let k(m) = -m**3 + 24*m**2 + 23*m + 30. What is k(25)?
-20
Let u(a) = -a**2 + 3*a + 6. Determine u(-4).
-22
Let q(l) = l**3 + 7*l**2 + 5*l - 7. Calculate q(-3).
14
Let r(k) = -k**3 + 31*k**2 - 27*k - 62. Determine r(30).
28
Let d(i) = -3*i + 35. Give d(12).
-1
Let z(i) = 2*i**2 - 66*i + 69. Give z(32).
5
Let c(a) = a**3 - 7*a**2 + 6*a - 4. Calculate c(6).
-4
Let m(r) = -r**2 + 11*r - 2. Determine m(9).
16
Let c(p) = -p**2 - 8*p - 7. Calculate c(-9).
-16
Let n(m) = 6*m**2 - m - 10. Determine n(2).
12
Let p(s) = 5*s + 20. Give p(-15).
-55
Let d(b) = 2*b**2 - 5*b + 1. Give d(4).
13
Let p(s) = -s**3 + 11*s**2 - 10*s + 6. What is p(10)?
6
Let f(d) = -3*d - 10. Determine f(-2).
-4
Let z(u) = u**2 + 57*u + 354. Determine z(-7).
4
Let r(b) = b**3 + b**2 + 2*b - 11. Determine r(0).
-11
Let d(p) = -5*p + 19. Give d(6).
-11
Let q(z) = 2*z - 5. Give q(10).
15
Let v(k) = -k**3 + 15*k**2 + 12*k - 19. Calculate v(16).
-83
Let d(i) = 2*i + 1. Give d(-6).
-11
Let o(k) = k**2 + 5*k + 4. Give o(-3).
-2
Let d(u) = -4*u**2 + 2*u - 7. What is d(3)?
-37
Let n(b) = -b - 37. Calculate n(-20).
-17
Let f(g) = g**3 - 13*g**2 + 6*g - 18. What is f(13)?
60
Let n(s) = s**3 - 15*s**2 + 12*s + 13. Calculate n(14).
-15
Let i(y) = -y**3 + 23*y**2 + 19*y + 41. Give i(24).
-79
Let u(x) = x + 16. Give u(-12).
4
Let a(r) = 81*r + 158. Determine a(-2).
-4
Let k(o) = o**2 - 10*o - 11. What is k(-1)?
0
Let p(f) = -f**3 + 3*f**2 - 2*f + 2. What is p(3)?
-4
Let x(t) = -t**2 + 46. Determine x(0).
46
Let g(z) = z**3 + 5*z**2 - 3*z - 3. Give g(3).
60
Let v(t) = -3*t**3 + 23*t**2 - 18*t + 30. Calculate v(7).
2
Let w(a) = 7*a - 8. Calculate w(3).
13
Let m(v) = -v**3 - 13*v**2 - 38*v + 6. Determine m(-9).
24
Let q(u) = -u**3 + 2*u**2 + 2*u + 4. What is q(5)?
-61
Let l(j) = -17*j + 39. Determine l(2).
5
Let x(d) = -d**2 + 3*d - 4. Determine x(3).
-4
Let l(m) = -2*m**2 + 10*m + 2. What is l(7)?
-26
Let f(k) = k**2 + 18*k - 60. Determine f(-21).
3
Let p(m) = -m - 15. Give p(6).
-21
Let g(f) = f**2 + 4*f + 4. Calculate g(-7).
25
Let j(w) = -16*w - 2. Calculate j(-2).
30
Let z(p) = -p**2 + 2*p + 29. Determine z(7).
-6
Let c(p) = -2*p**2 - 5*p - 7. Give c(-5).
-32
Let i(h) = h**3 - 18*h**2 - 25*h + 26. What is i(19)?
-88
Let u(j) = -j**2 - j - 2. Determine u(-2).
-4
Let h(s) = -s**2 + 9*s + 14. Calculate h(9).
14
Let l(h) = h**3 + h**2 - 2*h + 2. Determine l(-2).
2
Let p(z) = 3*z + 26. What is p(-6)?
8
Let k(q) = q**2 + 10*q + 5. Give k(0).
5
Let l(s) = s + 68. Calculate l(-16).
52
Let l(f) = f**3 - 3*f**2 + 3*f + 3. Determine l(3).
12
Let d(n) = -n - 40. Calculate d(-17).
-23
Let i(h) = -8*h + 20. What is i(-12)?
116
Let c(z) = -30*z**3 - z**2 + z. Give c(1).
-30
Let z(l) = l**3 - 17*l**2 - 11*l + 13. Determine z(18).
139
Let c(p) = p + 17. Calculate c(-10).
7
Let p(d) = -5*d**3 - 2*d**2 - d. Give p(-3).
120
Let g(t) = -2*t + 91. Give g(36).
19
Let w(g) = -2*g + 35. What is w(17)?
1
Let v(p) = 3*p + 53. Determine v(-12).
17
Let x(i) = 4*i + 13. Calculate x(-12).
-35
Let o(j) = j**3 + 5*j**2 - 8*j - 3. What is o(-5)?
37
Let b(p) = 15*p**2 - 32*p + 6. Give b(2).
2
Let a(r) = -3*r**3 - 3*r**2 - r - 4. Calculate a(-3).
53
Let x(h) = h**3 - h**2 - h - 5. Give x(4).
39
Let z(l) = 11*l - 11. What is z(-6)?
-77
Let x(g) = 4*g - 86. Determine x(17).
-18
Let g(j) = -19*j + 41. Calculate g(5).
-54
Let b(j) = -j**3 - 2*j**2 - 5*j + 4. Give b(-5).
104
Let o(p) = -3*p**2 - 3*p + 13. Give o(2).
-5
Let k(i) = 4*i + 29. What is k(4)?
45
Let x(h) = -h**3 + 7*h + 4. What is x(3)?
-2
Let k(p) = -2*p**2 - 29*p + 19. Give k(-14).
33
Let n(q) = -2*q**2 + 14*q - 7. Calculate n(6).
5
Let n(z) = z + 12. Give n(16).
28
Let n(w) = -w**3 + 9*w**2 - 11*w - 4. Calculate n(8).
-28
Let a(q) = -q**3 + 4*q**2 - 3*q + 1. What is a(5)?
-39
Let h(s) = s**2 - 29*s + 52. Determine h(23).
-86
Let p(r) = -r - 7. Calculate p(3).
-10
Let j(i) = -6*i - 17. Determine j(-4).
7
Let y(g) = -26*g + 11. Determine y(2).
-41
Let d(m) = -m + 1. What is d(-16)?
17
Let z(n) = 3*n - 125. Determine z(39).
-8
Let y(q) = -q**2 + 58*q - 593. What is y(13)?
-8
Let w(c) = -6*c**3 + c**2 - c + 1. Determine w(-2).
55
Let o(y) = -y**2 - 4*y - 25. What is o(0)?
-25
Let f(z) = z**2 + 5*z - 7. Give f(6).
59
Let b(q) = -8*q - 61. Calculate b(-8).
3
Let z(o) = o**2 + 48*o + 197. Give z(-44).
21
Let k(u) = u - 23. Give k(13).
-10
Let n(j) = 6*j + 3. Give n(0).
3
Let i(b) = 73*b - 71. Calculate i(1).
2
Let f(n) = -n**2 + 7*n + 2. Calculate f(3).
14
Let l(n) = 6*n - 5. Calculate l(-5).
-35
Let l(i) = -i**3 + 6*i**2 - 4*i - 10. Determine l(4).
6
Let t(l) = 93*l + 7. Determine t(-1).
-86
Let b(p) = -4*p - 34. Determine b(-8).
-2
Let n(h) = -h**3 - 11*h**2 - 14*h - 34. Determine n(-10).
6
Let u(q) = -q**2 - 16*q + 197. Calculate u(8).
5
Let p(q) = 2*q + 10. What is p(3)?
16
Let w(a) = -5*a - 10. Calculate w(9).
-55
Let r(y) = -2*y**3 - 3*y**2 + 11*y + 23. What is r(-4)?
59
Let f(y) = y**3 + 7*y**2 + 4*y - 4. Determine f(-6).
8
Let q(d) = -d**3 - 6*d**2 + 17*d - 8. What is q(-8)?
-16
Let q(c) = -2*c**3 - 54*c**2 - c - 33. Determine q(-27).
-6
Let l(f) = -f**2 - 20*f - 89. What is l(-6)?
-5
Let l(n) = -n**3 - 2*n - 15. Determine l(0).
-15
Let u(a) = 3*a**2 + 2*a - 1. What is u(-5)?
64
Let t(x) = 4*x**2 + 2*x + 1. What is t(2)?
21
Let z(l) = -4*l + 8. Determine z(11).
-36
Let t(g) = g**2 + 11*g. Give t(-11).
0
Let i(q) = -9*q + 2. What is i(-2)?
20
Let v(h) = -2*h**2 - h + 11. Calculate v(6).
-67
Let i(d) = 2*d**3 - d**2 + d - 26. Calculate i(0).
-26
Let y(r) = -r**3 - r**2 + r + 7. What is y(0)?
7
Let n(x) = -x**2 - 38*x - 176. Det